base 2, what is 1110100 + 10001001111010101?
10001010001001001
In base 15, what is 2e1 + -ab55?
-a864
In base 6, what is 1 + -1000132421?
-1000132420
In base 13, what is -4649 - a9?
-4725
In base 8, what is 12472 - 4423?
6047
In base 2, what is -1010011001101100000011001 - 100?
-1010011001101100000011101
In base 13, what is 538ba - -3?
538c0
In base 12, what is -3 - 1616a14?
-1616a17
In base 14, what is -13745bd + -3?
-13745c2
In base 15, what is 1cd2c - -13c?
1ce69
In base 6, what is -1544113153 + 24?
-1544113125
In base 5, what is -101 + -12022341120?
-12022341221
In base 9, what is 53008633 + 4?
53008637
In base 9, what is -6375438 + -77?
-6375526
In base 14, what is -8750 - -16?
-8738
In base 9, what is -31 - 1605231?
-1605262
In base 11, what is 54941 + -294?
54658
In base 14, what is 1d58c - -2389?
21937
In base 14, what is -86b634a + -5?
-86b6351
In base 15, what is -3785 - -2b8?
-34bc
In base 5, what is -140141 - 2240321?
-2431012
In base 15, what is 7165 + -16ce?
5986
In base 13, what is -7898 + 21c3?
-56a5
In base 6, what is 5455135 - -514?
5500053
In base 5, what is 3 - -1012313430?
1012313433
In base 5, what is -13 + 220214200?
220214132
In base 7, what is 24 - 412315?
-412261
In base 4, what is 3013 - 222103221?
-222100202
In base 14, what is -1 - -229c72?
229c71
In base 12, what is -50abb28 + 2?
-50abb26
In base 5, what is -4413242 - -122343?
-4240344
In base 8, what is 62774 + -4140?
56634
In base 10, what is 53 + -989901?
-989848
In base 13, what is 771 + -ba?
684
In base 4, what is 101 - -1003201311232?
1003201311333
In base 6, what is -5415 + -2034053?
-2043512
In base 13, what is 2 + -26513bc7?
-26513bc5
In base 2, what is -110110111010 + 10111011001?
-11111100001
In base 4, what is -1301 - 12030031?
-12031332
In base 3, what is 1200202 + 112220210?
121121112
In base 3, what is -121110011 - 122000?
-122002011
In base 2, what is 1001 - 101100110000111?
-101100101111110
In base 3, what is 2022012111121220 - -11?
2022012111122001
In base 8, what is 250233 + 336?
250571
In base 7, what is 1545655 - 13?
1545642
In base 6, what is -3 + -40231011433?
-40231011440
In base 6, what is -2210434 - 33521?
-2244355
In base 8, what is 2 + 64334113?
64334115
In base 6, what is 4001111 + -51?
4001020
In base 9, what is 16 - -207076?
207103
In base 3, what is 202 - 10100202100100?
-10100202022121
In base 11, what is a + 157a616?
157a625
In base 2, what is -10000000 - 1011110010100110101101?
-1011110010101000101101
In base 11, what is 226784 - 18?
226767
In base 10, what is 777056 + -10?
777046
In base 7, what is 1141353 - 41?
1141312
In base 9, what is 1087 + -104627?
-103530
In base 5, what is 231030 - 22400?
203130
In base 5, what is 1303141411312 + 2?
1303141411314
In base 2, what is 1011001100011100 + 111111111?
1011010100011011
In base 11, what is 22 - -2228544?
2228566
In base 5, what is -20401 + -2002324?
-2023230
In base 10, what is -1 + -6446016?
-6446017
In base 10, what is -60 + 303904?
303844
In base 9, what is -428132 + 3?
-428128
In base 12, what is 88 - -203695?
203761
In base 2, what is 110 - 11110011000111010010101100?
-11110011000111010010100110
In base 10, what is -29617362 + -1?
-29617363
In base 13, what is 27 + -131107?
-1310b0
In base 10, what is -317 - -160546?
160229
In base 2, what is -1111 - -1100011110101110001011?
1100011110101101111100
In base 8, what is 0 + -3561134?
-3561134
In base 10, what is 4 - -23811879?
23811883
In base 5, what is -410404422114 - 0?
-410404422114
In base 8, what is 270 - 350374?
-350104
In base 11, what is 137354 + -13?
137341
In base 16, what is 8811 + -f94?
787d
In base 13, what is 9a7 + 2c719?
303c3
In base 10, what is 24 + -467555?
-467531
In base 2, what is 1001110010001000001000011 - 110?
1001110010001000000111101
In base 5, what is -4223404101 - -4?
-4223404042
In base 16, what is -8 - 6d15f?
-6d167
In base 7, what is 33 - 1251660?
-1251624
In base 8, what is -71113 + 1645?
-67246
In base 2, what is 11010011011010000 - 100011001101?
11001111000000011
In base 10, what is -53 + 881079?
881026
In base 10, what is -171434979 + 4?
-171434975
In base 15, what is -a8 - b19d6c?
-b19e25
In base 10, what is 63530 + 24?
63554
In base 4, what is -203123 + -100310021?
-101113210
In base 7, what is -21 + -14215346?
-14215400
In base 14, what is 89d1bd3 + -5?
89d1bcc
In base 8, what is -15 + -23467405?
-23467422
In base 4, what is 12211303002 - 3?
12211302333
In base 7, what is 4235422 + -114?
4235305
In base 8, what is -303321 + 71?
-303230
In base 12, what is -7087065 + -b?
-7087074
In base 13, what is 37978 - -43a?
380b5
In base 14, what is 15 - 61896bd?
-61896a8
In base 3, what is 10210 - -10201111201?
10201122111
In base 4, what is -123312233 - -202?
-123312031
In base 9, what is -501 + -53328?
-53830
In base 13, what is 1313c + -b75?
12297
In base 13, what is -489 - -241b2?
23a26
In base 9, what is 10 + -10151?
-10141
In base 5, what is -22302 + 21422201?
21344344
In base 4, what is 2021 + 310320102?
310322123
In base 16, what is -935b5 + -d?
-935c2
In base 10, what is -205771 + -93?
-205864
In base 10, what is 12863392 + 57?
12863449
In base 15, what is 5 - -1b4877d?
1b48783
In base 5, what is 23 - 11013213343?
-11013213320
In base 14, what is -2 + -23b0988?
-23b098a
In base 5, what is 13341102 - -2242?
13343344
In base 9, what is 807768 - -17?
807786
In base 8, what is -245662 - -4537?
-241123
In base 15, what is -1c39bb - 6?
-1c39c2
In base 15, what is 374 - 62e0?
-5e6b
In base 10, what is -19205 + -105?
-19310
In base 16, what is 1ee0 - a54?
148c
In base 9, what is -252 - -400176?
388824
In base 11, what is 21a + 52469?
52688
In base 10, what is 3 + 6979435?
6979438
In base 15, what is 1cde + -9256?
-7467
In base 8, what is -3 - -1525654?
1525651
In base 16, what is e0 + -d7da8?
-d7cc8
In base 5, what is -1433413 - -204?
-1433204
In base 6, what is -211 - 32541422?
-32542033
In base 12, what is 1 + 37944a4?
37944a5
In base 9, what is -3518 - -1781?
-1627
In base 2, what is 1100101011111 + -1011110110?
1011001101001
In base 11, what is -1369992 - 3?
-1369995
In base 16, what is -b4a9 - -178?
-b331
In base 10, what is -4013777 - -2?
-4013775
In base 2, what is 1001111011011 - -100010011100?
1110001110111
In base 5, what is 3042 - 1202134444?
-1202131402
In base 16, what is -3d + -15a367?
-15a3a4
In base 13, what is 2b - 865758?
-86572a
In base 12, what is -346292 + -58?
-34632a
In base 9, what is -4770 + 13481?
7611
In base 12, what is -a7151 + 23?
-a712a
In base 5, what is -34 + 104120242?
104120203
In base 14, what is 2 - 188aa2a?
-188aa28
In base 11, what is -169873 + 305?
-169569
In base 13, what is -1aaaa + 10137?
-a973
In base 15, what is -3ce395 + -d5?
-3ce47a
In base 10, what is -1880 - 662?
-2542
In base 3, what is 10100110001010120 + 2?
10100110001010122
In base 16, what is -551 - b35?
-1086
In base 15, what is -584 + -5e9?
-b7d
In base 11, what is 1491403 - 102?
1491301
In base 10, what is -645 - 12106?
-12751
In base 9, what is 178161 + -41?
178120
In base 9, what is 343 - -140742?
141185
In base 5, what is 121 - -11142030013?
11142030134
In base 4, what is 2002231302131 + -111?
2002231302020
In base 16, what is 103 - 2433f2?
-2432ef
In base 14, what is 7 - 1082808?
-1082801
In base 3, what is -1020001121000 + 10?
-1020001120220
In base 15, what is -15 - 4e388c?
-4e38a2
In base 13, what is 8c1b027 + -2?
8c1b025
In base 12, what is 232 - -1476ba?
147930
In base 2, what is -11101011100010011 - 1010001?
-11101011101100100
In base 8, what is -4751553 + 36?
-4751515
In base 13, what is 39826cc - 41?
398268b
In base 12, what is 4 + aa53402?
aa53406
In base 10, what is -5 - -249953737?
249953732
In base 3, what is 1211001211010202 + 11?
1211001211010220
In base 13, what is 4c99c + -614?
4c388
In base 11, what is -4 + a77a76?
a77a72
In base 10, what is 4469 - 749?
3720
In base 12, what is ab07163 - 1?
ab07162
In base 9, what is 50845 - -2828?
53774
In base 16, what is 17 + 284a7?
284be
In base 10, what is 1 - 18359286?
-18359285
In base 16, what is 115ee - -15e?
1174c
In base 16, what is a6a - a029?
-95bf
In base 14, what is -5 + -17713ad?
-17713b4
In base 4, what is 2 - 11123221201?
-11123221133
In base 15, what is -7a0c60 + 8?
-7a0c57
In base 10, what is -1140139 - 30?
-1140169